1901*w + 27112 + 12794 = -423*w. What is the greatest common divisor of w and o?
27
Let y be 1643022/444 - (-1)/(-2). What is the highest common divisor of 200 and y?
100
Let s = 3120 + -3107. Let n be ((-4)/5)/(-3*(-2)/(-30)). What is the greatest common factor of n and s?
1
Let h(q) = -4*q**2 - 74*q - 195. Let k be h(-15). Let i = -1 + 4. Suppose i*u - 23 = 4. What is the highest common factor of u and k?
3
Let o = 1 - 44. Let q be (3 - 8)*1 + (-1 - o). What is the highest common factor of q and 333?
37
Let p = -26 + 33. Let w(k) = 23*k**2 + 7*k - p - 9*k - 20*k**2 + 6*k**3. Let f be w(3). Calculate the highest common divisor of 16 and f.
16
Let c = -133 - -145. Let l(h) = 28*h + 60. Let y be l(c). What is the highest common divisor of 36 and y?
36
Suppose -1110 = -5*t + d, 10*t + d - 1120 = 5*t. Let w be t + -2 + (-3 - 2). What is the highest common divisor of 6 and w?
6
Let s = -323 - -325. Suppose 139 = 3*d - s*q, -2*d + 0*d = 2*q - 86. Let b(w) = w**2 - 2*w + 6. Let p be b(6). Calculate the highest common divisor of p and d.
15
Let c be 8 + (0 - 0/1) + -3. Suppose 11*o - 6*o - 140 = -c*f, 4*o - f = 97. What is the highest common divisor of 1 and o?
1
Suppose 0 = 14*q - 4*q - 6*q - 500. Calculate the highest common divisor of q and 2725.
25
Let f(v) = v**3 + 5*v**2 - 39*v + 27. Let h be f(4). What is the greatest common factor of h and 10515?
15
Let i = -792 + 1336. Let f be (13 - (0 + 115))/(-3). Calculate the highest common divisor of f and i.
34
Let y(j) = -226*j + 2. Let n be y(-1). Suppose 0 = -7*l + n + 192. What is the greatest common divisor of l and 8?
4
Let m(a) = -a**3 - 13*a**2 + 54*a + 54. Let s be m(-28). What is the highest common factor of s and 51?
51
Let r be -6*(49/35)/((-81)/135). Calculate the greatest common divisor of 7980 and r.
14
Let z = 3 + 47. Let b = 55 - z. Calculate the greatest common factor of b and 5.
5
Let b = 104 + -95. Let s be -1*(-20)/5 + 8. What is the highest common factor of b and s?
3
Let q(y) = -2*y - 4. Let a be 1/((-2)/20 - (-2)/10). Suppose 4*z = a*z + 66. Let p be q(z). What is the greatest common factor of p and 54?
18
Let i(o) = -o**2 - 37*o + 1098. Let q be i(19). Calculate the greatest common factor of q and 52.
2
Suppose -2*g = g. Let a = 86 - g. Let k = a + 2. What is the greatest common divisor of k and 11?
11
Let w be 68*195/15 - -18. Calculate the highest common divisor of 88 and w.
22
Let y = -43 + 54. Let s(t) = -5*t**3 + 5*t**2 + 1. Let z(a) = a**3. Let u(p) = s(p) + 6*z(p). Let o be u(-5). What is the highest common factor of o and y?
1
Let g be (0 - -2)*119*(-4)/(-28). Let d = -15 - -20. Suppose 9*r - 136 = d*r. Calculate the highest common factor of r and g.
34
Let q be (-11 + 401)*(28/10 - 2). Suppose -4*n + h + 26 + 73 = 0, n = 3*h + 11. Calculate the greatest common divisor of n and q.
26
Let x = 355 + -351. Suppose -4*g = -3*i - 807, x*i = -7*g + 12*g - 1010. What is the greatest common divisor of g and 44?
22
Suppose -37*v + 28 = -30*v. Suppose 0 = 5*n + v*c - 62 - 32, 0 = -3*c + 3. Calculate the greatest common divisor of 207 and n.
9
Let h(l) = 9734 - 5*l + 4*l - 9725. Let o be (-35)/4 - 1/4. Let a be h(o). Calculate the highest common divisor of a and 36.
18
Suppose -18 - 18 = 25*o - 386. What is the greatest common factor of 2758 and o?
14
Let v be (-4)/36 + (-71944)/(-306). What is the highest common divisor of 1457 and v?
47
Suppose -2*i + v = 3*i - 1310, -3*i = 4*v - 786. Let g = i + -259. Calculate the greatest common factor of 39 and g.
3
Let i(o) = 5*o + 1. Let t be i(-1). Let g = t - -8. Suppose 2*p - 36 = -3*p + w, 18 = -p - 4*w. What is the highest common factor of g and p?
2
Let h(p) = -31 + 9 + 4*p**2 + 4 + 23*p - 6*p**2. Let c be h(9). Let y be (c/(-9))/(3/(-11)). What is the highest common factor of y and 11?
11
Let f(g) = -g**2 + 4*g + 12. Let q be ((-80)/50)/((-4)/10). Suppose -a - 4*m = -1, -2*m - q = 2*m. Let n be f(a). What is the greatest common factor of 1 and n?
1
Suppose -10 = 4*j + 2, -3*j = 5*i + 964. Let h = 206 + i. Let g(v) = 3*v**2 + 5*v - 3. Let f be g(-6). What is the highest common factor of f and h?
15
Let x be 3 - (1 - (-8 + (653 - -4))). Calculate the greatest common factor of 42 and x.
21
Let v = 10484 - 10454. What is the greatest common divisor of 17565 and v?
15
Let w(a) = -318*a - 616. Let v be w(-3). Calculate the greatest common factor of v and 26.
26
Suppose 27*c + 3*k = 28*c - 1404, 3*c + 3*k - 4176 = 0. Calculate the highest common divisor of 10 and c.
5
Let l(c) = 12*c**2 + 4*c - 9. Let z be l(2). Suppose z + 205 = -6*h. Let i = -25 - h. What is the highest common factor of 119 and i?
17
Suppose 9*u - 15*u = 0. Suppose 0 = -2*g - u*g, 0 = -4*h + 2*g + 528. What is the greatest common divisor of 12 and h?
12
Suppose 117*i - 1128 + 386 = 3821. What is the highest common factor of i and 87?
3
Let v(q) = -2*q**2 + 18*q + 7. Let u be v(8). Let n = u - 21. Let r(s) = -s**2 + 5*s - 3. Let d be r(n). Calculate the greatest common divisor of d and 33.
3
Suppose -5*c - 5309 = -3*o + 5169, -o - 2*c = -3500. Calculate the highest common divisor of o and 46.
46
Suppose -5*r + 2 = -3*k, 9*r - 5 = 6*r - 2*k. What is the greatest common divisor of 163 and r?
1
Let x be -9 + -42*((-120)/16 - -7). Suppose 0 = 3*b - 5*b + 256. Calculate the greatest common factor of b and x.
4
Let j be (2 - (2 - 7514))/(8/44). What is the highest common factor of j and 13?
13
Let d = 168 - 163. Suppose -d*o + 14*o - 153 = 0. What is the highest common factor of o and 51?
17
Let d = -14 - -16. Let i = 76 + -73. Suppose 49 = g - 3*j + 6*j, -i*j - 71 = -d*g. Calculate the highest common factor of 8 and g.
8
Let c(h) = 15*h - 102. Let b be c(11). Suppose 8*p = b + 465. Calculate the greatest common divisor of p and 30.
6
Let k(w) = 36*w + 93. Let v be k(3). Let t = v - 167. Calculate the greatest common divisor of t and 10.
2
Let t be (2 - -2)/(17/2431). Suppose -t*s + 160 = -564*s. What is the greatest common factor of s and 60?
20
Suppose -3*t = -4*s + t + 1176, 1440 = 5*s + 5*t. Let x(w) = 5*w + w**2 + 306 + 3*w - s. Let f be x(-9). What is the highest common factor of 84 and f?
12
Suppose 29*s - 3*s = 910. Suppose 4*d - 3*x = 29, 3*d = 3*x - x + 21. Let k = d - -2. Calculate the greatest common factor of s and k.
7
Let n(p) = -12*p. Let q be n(-1). Let i = 458 + -458. Suppose 40*a - 36*a - 120 = i. Calculate the greatest common divisor of a and q.
6
Suppose -58142 = -20*h + 78058. Calculate the highest common divisor of h and 30.
30
Let x(f) = -f**2 + 10*f - 4. Let l be x(7). Suppose -l = -4*w + 23. Let u = -80834 + 80864. Calculate the highest common divisor of w and u.
10
Let o(f) = -f**3 - 14*f**2 - f - 5. Let l be o(-14). Suppose l*x - 4 = 5*x. Let a be ((-3)/x)/(((-40)/105)/8). What is the highest common factor of a and 42?
21
Suppose 0 = 14*f - 8*f + 24. Let l be f/(-26) + (-3320)/(-52). Suppose 3*s + 9 = 0, -2*s = k + 2*k - 42. Calculate the greatest common factor of k and l.
16
Let x(s) = -651*s - 203. Let a be x(-6). What is the greatest common factor of 23 and a?
23
Suppose -4*f + 13426 = w, -274*f + 276*f = -3*w + 6698. What is the highest common factor of 438 and f?
146
Let s(m) be the first derivative of m**2/2 + 84*m + 18. Let p be s(-56). What is the greatest common divisor of 49 and p?
7
Let t = 540 + 327. Suppose 5*z - 162 = 348. What is the highest common factor of z and t?
51
Let f = 84 - 54. Suppose -3*x = 2*x - f. Let h be 78/5 + -1*x/(-15). Calculate the greatest common divisor of 112 and h.
16
Suppose -5*o - 3*z + 798 = 0, -822 = 81*o - 86*o + 3*z. Calculate the highest common divisor of o and 540.
54
Suppose 0 = -2*p + 5*o + 60, 5*p = -2*o + 208 - 58. Calculate the highest common divisor of 474 and p.
6
Suppose -3*u - 5*l + 135 = 0, -20 = -4*u - 2*l + 174. Suppose 3*x - 3*y = -1014 + 1281, -3*x + 4*y + 256 = 0. Calculate the highest common factor of x and u.
50
Suppose -17*u + 12 = -16*u - 2*z, 12 = 4*u + z. Suppose 9*m = m - 160. Let n = m - -21. Calculate the highest common factor of n and u.
1
Suppose 237 = 4*l - 5*p, -p + 249 = 250. What is the greatest common factor of l and 2146?
58
Let o(p) = 2*p**2 + 20*p + 396. Let h be o(-18). What is the greatest common divisor of 90 and h?
18
Suppose 282*o - 191330 - 9454 = 0. What is 